8). Suppose -3*l = 4*b - i, 4*b + 6*l - 184 = 8*l. Calculate the highest common factor of b and 286.
22
Suppose -2160 = -8*s - 8*s. What is the highest common divisor of s and 54?
27
Let b(f) = f**3 + 24*f**2 + 43*f - 22. Let m be b(-22). Suppose 4*s + 4*q = 524, m = 3*s + 7*q - 6*q - 389. Calculate the greatest common factor of 43 and s.
43
Let s be 18676/21*3/2. What is the greatest common divisor of s and 92?
46
Let k = 75 - 27. Suppose 4*v = 3*v + k. Let f = 60 - 28. What is the greatest common divisor of f and v?
16
Let f(b) = -5*b + 2. Let i be f(1). Let v be ((-24)/(-84) - (-38)/14) + i. Suppose v = o - 5*o + 396. Calculate the greatest common factor of o and 11.
11
Let z be -5*(-6)/15*26244/72. What is the highest common divisor of z and 54?
27
Let t be -5*144/20*-3. Let o = 62 + -60. Suppose 5*z - o*j + 7*j = 50, -6 = -z - 3*j. Calculate the greatest common divisor of z and t.
12
Suppose -1496*r - 49390 + 580679 = -231671. Suppose 0 = 2*j + j - 90. What is the highest common divisor of j and r?
30
Let s = -91 - -51. Let j be 2/(-5) - 16/s. Suppose -h - 3*l = -15, j = -2*l - 2 + 10. What is the highest common divisor of h and 9?
3
Let i be (-3)/3*2 + 36. Let n = 1645 + -1526. Calculate the greatest common divisor of n and i.
17
Suppose -493*t - 29 = -496*t - a, t - 8 = -2*a. What is the greatest common factor of 10070 and t?
10
Let i = -437 + 440. Suppose 0*t + t = -i*g - 2, 5*t - 2*g = 7. Calculate the greatest common divisor of 23 and t.
1
Let n = 14609 + -14429. What is the greatest common factor of n and 342?
18
Let q = 2500 + -1960. What is the highest common divisor of q and 4995?
135
Let f = -130 + 133. Suppose 5*m = -2*s + 37, -5*s - 4*m + 50 = -0*s. Calculate the greatest common divisor of s and f.
3
Suppose 2*d + 3*x - 367 = 993, 2*x = 0. Calculate the greatest common factor of d and 102.
34
Let g = -2034 - -2489. Calculate the greatest common factor of 4823 and g.
91
Let s be (-76)/342 + (((-39326)/(-9))/7 - 0). Calculate the greatest common divisor of 912 and s.
48
Suppose -3*j = j - 60. Suppose 2*q + 8 - 28 = -3*k, -5 = -3*k - 5*q. Calculate the greatest common divisor of j and k.
5
Let r = 504 - 319. Let s(y) = 3*y**3 + 534*y**2 + 50*y + 8974. Let z be s(-178). Calculate the greatest common divisor of z and r.
37
Let n(x) = 591*x**3 - 2*x**2 + 1. Let z be n(1). Suppose 29045*r - 20 = 29043*r. What is the greatest common factor of z and r?
10
Let x(h) = -h**3 + 8*h**2 + 149*h - 33. Let s be x(-11). Calculate the highest common divisor of 285 and s.
57
Suppose -5*t - 3*i - 105 = -492, 5*t = -5*i + 385. Let u = -59782 - -59912. Calculate the greatest common factor of t and u.
26
Suppose -8 = -2*q - s, -9*q - 5*s + 5 = -6*q. Suppose 2*p - 2492 = 2*w, 2*p - q*p = -5*w - 3748. Calculate the highest common divisor of 73 and p.
73
Suppose -27*u + 9*u + 1152 = 0. Suppose 4*r + 22 - 470 = 0. Calculate the highest common divisor of u and r.
16
Let x(t) = -5*t - 23. Let d(s) be the first derivative of 3*s**2/2 + 10*s - 5. Let m be d(-6). Let v be x(m). What is the greatest common divisor of v and 51?
17
Let a = 23035 + -20848. What is the highest common divisor of 126 and a?
9
Suppose -4*l + 17305 = 3*g, 9*l = 4*l + 5*g + 21605. Calculate the greatest common factor of 92 and l.
92
Let u(h) = 8*h - 99. Let w(q) = -7*q + 98. Let a(l) = 5*u(l) + 4*w(l). Let c be a(15). Calculate the greatest common factor of c and 77.
77
Let c be 100 + 0 + (-2 - -2). Let r be (1 - -2) + 1*(-2 + 3). Suppose -6*v - 12 = -3*v, -2*j + r*v + 56 = 0. What is the greatest common divisor of j and c?
20
Let u(f) = -32*f - 6. Let p be -42 + 43 - (-20)/(-2). Let v be u(p). What is the highest common factor of v and 6?
6
Let u = 1024 - 921. What is the highest common factor of 4429 and u?
103
Let q(m) = m**3 - 22*m**2 + 97*m - 21. Let i be q(5). What is the greatest common divisor of i and 377?
13
Let o(b) = -4*b**3 - 34*b**2 - 218*b - 54. Let k be o(-9). What is the highest common factor of k and 720?
90
Suppose -23*r + 33*r - 30 = 600. What is the greatest common factor of r and 351?
9
Let v(t) = -t**3 + 37*t**2 - 133*t + 68. Let z be v(33). Suppose 3*n - p - 832 = -5*p, -2*n + 4*p + 568 = 0. Calculate the highest common divisor of z and n.
35
Let o be 112/(-11 + -3)*-164*(-2)/(-4). What is the highest common divisor of 48 and o?
16
Suppose 0 = 3*k - 4*k + 29. Let n = 2661 + -2650. Suppose 5*l + n = -c, c = -4*c - 4*l + k. Calculate the highest common divisor of 117 and c.
9
Let f(h) = 8*h**2 + 123*h - 735. Let s be f(6). What is the greatest common factor of s and 2813?
97
Let b = 92 + -89. Let r be 15/(-9) + 11/b. Let s be -6 + (-3300)/(-16) + r/(-8). Calculate the highest common factor of s and 25.
25
Let c be 968/6 + 5*(-14)/(-105). Suppose -3*w = m - 113, w + m + 31 = 2*w. What is the highest common factor of w and c?
18
Let c = 9270 - 7238. Calculate the greatest common factor of c and 381.
127
Let n be -5*(644/35 - (-6)/10). Let y = 134 + n. Calculate the highest common factor of 117 and y.
39
Suppose 5*w + 61*w + 46333 - 134377 = 0. Let i = 142 + -84. Calculate the greatest common factor of i and w.
58
Let d(g) = -g**2 - 13*g - 2. Let o be d(-13). Let m be 5/o*12/(-30). Suppose 5*p - 52 = 13. What is the greatest common divisor of p and m?
1
Let s be 1/(-3 - (-24)/9). Let u be 3 - s - -2*(2 - 3). Let l = 10 - u. Calculate the greatest common divisor of l and 30.
6
Suppose 0 = -0*w - 9*w + 7101. Suppose 306 = 2*o - 4*g, -8*o = -3*o - 4*g - w. What is the greatest common divisor of 23 and o?
23
Let v(q) = q**3 - 70*q**2 + 21*q - 1055. Let f be v(70). What is the greatest common factor of 5 and f?
5
Suppose 11*g + 187 = -121. Let v be 100/8*g/(-70). Calculate the greatest common factor of 265 and v.
5
Suppose -6563*a = -6560*a - 72. Let k be ((-145)/(-20) - 5)/((-6)/(-352)). What is the greatest common factor of k and a?
12
Let t(r) be the second derivative of -5*r**3/6 - 8*r. Let k be t(-5). Let v be (3 + -4)*(2 - (2 - -5)). Calculate the greatest common divisor of v and k.
5
Let m be -15 + 10 - 48*-4. Suppose -5*h - 4*l = -m, -5*h - 2*l + 25 = -166. Calculate the highest common divisor of 91 and h.
13
Let y be 12/(-30) + (-12)/(-20)*244 - 5. What is the highest common factor of 282 and y?
141
Suppose -4076 = -61*a + 49*a + 186772. What is the greatest common factor of 71 and a?
71
Suppose 17*i + 91 = -674. Let h be (-1654)/(-3) + 15/i. Calculate the greatest common factor of h and 29.
29
Let g(h) = -4 - 4 + 2 + 327*h - 419*h. Let w be g(-1). Let z = -77 + w. Calculate the greatest common factor of 45 and z.
9
Let m be ((-19)/57)/(266/267 - 1). Let n = m - 62. What is the greatest common factor of 27 and n?
27
Suppose -n = 3*k - 156, 5*k - 17 - 3 = 0. Suppose -7*m + 447 = 132. What is the highest common divisor of m and n?
9
Let o be 9/36 + -8 + (-128799)/(-36). What is the highest common factor of o and 204?
102
Suppose -3*b - o + 2649 = 0, -14*o = -12*o. Let z = b + -864. Calculate the highest common divisor of 171 and z.
19
Suppose 0 = -2*k, 8*m - 3*m + 5*k = 170. Let u = -38 + m. Let z be 2/u - (13140/8)/(-9). What is the highest common factor of 26 and z?
26
Let l(g) = -103*g**2 - 3*g - 2. Let q be l(-2). Let r = -128 - q. Suppose 0 = 3*z - 13*z + r. Calculate the highest common divisor of 98 and z.
14
Let m(o) = 53*o + 15. Let g be m(2). Suppose -6*c + g = -65. Let n(r) = 6*r**2 - 3*r + 6. Let d be n(7). Calculate the greatest common divisor of d and c.
31
Let y = 246 + -168. What is the highest common factor of 1898 and y?
26
Let f(a) = -15*a - 204. Let p be f(-14). Suppose p*h - 181 = 17. Calculate the highest common factor of 176 and h.
11
Let u(y) = y**2 + 4*y + 8. Let r = 3 + 1. Let q be u(r). What is the greatest common factor of q and 24?
8
Suppose 12*u - 18 = 3*u. Let t = 18 - 13. Let q(o) = 2*o**2 - 10*o + 18. Let s be q(t). What is the highest common factor of s and u?
2
Let x(w) = -6*w**3 + 11*w**2 + 2*w + 9. Let n(s) = -s**3 + s**2 - 1. Let p(h) = 5*n(h) - x(h). Let a be p(7). What is the greatest common factor of 147 and a?
21
Let m be (-117)/(-6) - (-5)/10. Suppose -m*n + 9*n = -2464. What is the highest common divisor of n and 14?
14
Let o(h) = h**2 - 4*h. Suppose 5*s = s - 4*l + 8, -5*s + 18 = l. Let t be o(s). Suppose t = 5*x - 0